5 = 3*p - k - 0*k, -3*p + 15 = b*k. Suppose -p*w = -184 - 201. List the prime factors of w.
7, 11
Let a be 45 + (-6)/(-3) - -1. Let g be -2 + (-3)/((-9)/a). Suppose -3*f + g = -13. List the prime factors of f.
3
Suppose 13*i = 10*i + 423. Suppose -2*v = 3*z - 34, -3*z + i - 38 = 5*v. List the prime factors of v.
23
Let z be 10/8*(65 + 3). Let x(m) = 4*m + 61. Let c be x(-14). Suppose c*j - z = 220. List the prime factors of j.
61
Suppose -4*n = -3*g + 90, 9*g + 98 = 13*g + 2*n. List the prime factors of g.
2, 13
Let g = -627 - -1499. List the prime factors of g.
2, 109
Let l(m) = 89*m + 8. List the prime factors of l(6).
2, 271
Let d(t) = -27*t + 276. List the prime factors of d(-19).
3, 263
Let d be (-9)/3 - (-1 - 5). Suppose -5*q + 0*q + 230 = 0. Suppose q = d*t - t. List the prime factors of t.
23
Let x = -13 + 13. Suppose 0 = -j - 4*o - 9 + 173, -4*j + 3*o + 675 = x. What are the prime factors of j?
2, 3, 7
Let g = -118 + 123. Suppose 5*l + 4*n = 1261, -5*n + 502 = g*l - 763. List the prime factors of l.
3, 83
Let z be (-3)/(-6)*0/(-2). Let x(j) = -3 - j + z*j + 0*j - j. What are the prime factors of x(-3)?
3
Let l be 1 - (28/(-4) + -1). Let m(u) = 4*u + 4. List the prime factors of m(l).
2, 5
Suppose 5*p - 407 = 473. Let c = -44 + p. What are the prime factors of c?
2, 3, 11
What are the prime factors of (7 + -19)*-423 + 3 + -7?
2, 317
Let h(w) = w**3 + 15*w**2 + 18*w - 13. Let y be h(-9). Suppose -4*l + y + 17 = 0. List the prime factors of l.
2, 41
Let d(m) = -m**2 - 10*m - 4. Let a be d(-9). Suppose 5*o = a*x + 5, 5*o - 3*x + 8*x = 45. Suppose o*s - s - 152 = 0. List the prime factors of s.
2, 19
Let y = -2 - 8. Let m = -8 - y. Suppose -4*v + j + 65 = 0, 0 = m*v - 0*v - 2*j - 40. List the prime factors of v.
3, 5
Suppose 317*i + 22750 = 330*i. What are the prime factors of i?
2, 5, 7
Let k(v) = -4*v - 10. Let i be k(4). Let m = i + 37. Let f = m + 0. List the prime factors of f.
11
Let i(d) = -11*d**3 - 19*d**2 - 10*d - 13. Let c(b) = 5*b**3 + 9*b**2 + 5*b + 6. Let y(g) = -13*c(g) - 6*i(g). What are the prime factors of y(5)?
5
Suppose -2*i + 1088 = -5*b + 49, -4*i = -4*b - 2060. What are the prime factors of i?
2
Let f(n) = -15*n + 1. Let t be f(-1). List the prime factors of (-13)/(-2)*160/t.
5, 13
Let j = -40 + 37. Let s(f) = 12*f**2 + f - 6. List the prime factors of s(j).
3, 11
Suppose -4*w + 4*y - 4 = 0, -3*w - 12 = -w - 4*y. Let p be 4 + 6/(-1) + w. Suppose -5*k - 2*l + 6*l = -179, p*l = 3*k - 109. List the prime factors of k.
3, 13
Let z = 578 + -393. List the prime factors of z.
5, 37
Let p = -256 - 124. Let n = p + 543. List the prime factors of n.
163
Let t(q) = -q**3 + 38*q**2 - 13*q + 63. What are the prime factors of t(37)?
3, 317
Let a be 3/3*(-1)/((-5)/(-5)). What are the prime factors of a/1 + 3 + 75?
7, 11
Let s(f) = 187*f - 6. Let i be s(-2). Let h be ((-3)/(-6))/((-2)/i). Suppose y - h = -4*y. List the prime factors of y.
19
Suppose g = -2*d + 13, -5*g = -0*g + 5*d - 40. Suppose 1263 = g*p + 183. Suppose 5*h + p = 5*x, 3*x - 6*h + 11*h - 216 = 0. What are the prime factors of x?
2, 3
Suppose 0 = d + 2*d. Let g be (0 + -1 + d)*-5. Suppose 5*c = c - 5*k + 39, 42 = g*c + 4*k. List the prime factors of c.
2, 3
Let r be 6/(-33) + (-105)/(-33). Suppose r*x = x. Let v(g) = -g**3 - g**2 + g + 39. What are the prime factors of v(x)?
3, 13
Suppose -6*m + 1628 = -3706. List the prime factors of m.
7, 127
Let u = -51 - -53. Suppose -5*d - 23 = -w, -4*w + d + 11 = -5. Suppose -37 = -w*x - 5*s, -4*x - u*s = -0*x - 54. What are the prime factors of x?
2, 7
Let d(o) = -1 + 0 - 7*o + 0. Let t = -9 + 7. What are the prime factors of d(t)?
13
Suppose -3*c + 3*p + 1076 + 931 = 0, 3355 = 5*c - 3*p. List the prime factors of c.
2, 337
Let p be 39 - (4 - (-3 + 3)). Suppose -q + 5*q - 161 = -3*v, -q = -v - p. What are the prime factors of q?
2, 19
What are the prime factors of 17 - 21 - (-2 + -50)?
2, 3
Suppose -f + 18 = -2*f. Let t(v) = -v**3 - 19*v**2 - 22*v - 22. Let s be t(f). Suppose s = 2*b + 3*n, -2*n = 3*b - n - 61. List the prime factors of b.
19
Let d(t) = 43*t + 13. Let a be d(-7). Let c = 533 + a. Suppose 6*l - c = l. List the prime factors of l.
7
Suppose d + 2*q = 126, 7*d - 2*q - 222 = 5*d. What are the prime factors of d?
2, 29
What are the prime factors of 10/(-45) - 3543/(-27)?
131
Let c(r) be the third derivative of 0*r + 0 + 1/30*r**5 - 2*r**2 + 0*r**4 - 1/3*r**3. What are the prime factors of c(-2)?
2, 3
Let y = -190 + 198. What are the prime factors of y?
2
Let o(u) = 23*u**2 - 2*u - 1. Let r be o(-1). What are the prime factors of (r/(-14))/(1/(-14))?
2, 3
Let d = -2 - -23. Suppose -33*i = -28*i - 25. Let p = d + i. What are the prime factors of p?
2, 13
Let y be ((-3)/6)/((-1)/44). Suppose 29*b = y*b + 105. List the prime factors of b.
3, 5
Suppose -473 = 3*s - 14*s. Let x = s + 7. What are the prime factors of x?
2, 5
Suppose -4*l - 2*f + 6*f = -3800, -f + 1912 = 2*l. List the prime factors of l.
2, 3, 53
Suppose -2*x - 23 = 6*h - h, -3*h = 5*x + 29. Suppose 4*a + 24 = -2*a. List the prime factors of 30 + (a - h) - 4.
5
Suppose 39*x - 8806 - 31832 = 0. List the prime factors of x.
2, 521
Let k be (-61 - -1)*432/(-45). What are the prime factors of 1/(2/k*4)?
2, 3
Let q(y) = -y**3 + 10*y**2 - 11*y + 7. Let j be q(9). Let w = -9 - j. Suppose 25 = 5*g + 2*a, -3*a - 1 = -w*g - 2*a. What are the prime factors of g?
3
Let j be 2/(-8) + 5/4. Let r be 21/11 + 19/209. Suppose -r*x + 31 - j = 0. What are the prime factors of x?
3, 5
Let y = -13 + 2. Let f = y + 58. List the prime factors of f.
47
Let p(j) = 93*j**3 - j**2. Let u be p(-1). Let o = -35 - u. What are the prime factors of o?
59
Suppose -3*l - 4*f + 20 = 0, -f - 5 = 4*l - 10. Suppose l = q - 11 - 17. What are the prime factors of q?
2, 7
Let w(u) = 206*u**2 - 3*u + 2. Let f be w(1). Suppose -1 + f = 2*q. What are the prime factors of q?
2, 3, 17
Let x(g) = -16*g**3 + 9*g**2 - 4*g - 21. List the prime factors of x(-5).
2, 139
Let g = 665 + -335. Suppose 4*j + g = 1190. What are the prime factors of j?
5, 43
Let m = -18 + 50. Suppose -3*n + m = -n. Let a = 36 - n. What are the prime factors of a?
2, 5
Suppose -2*k - 5*j - 1 = 0, 0 = 5*k - 4*k + j + 5. List the prime factors of k/(-20) - (-208)/5.
2, 3, 7
What are the prime factors of (-130)/455 - 1*22829/(-7)?
3, 1087
Let r = -1726 - -7804. What are the prime factors of r?
2, 3, 1013
Let d(k) = 24*k - 15. Let m be d(17). Let v = 737 - m. What are the prime factors of v?
2, 43
Suppose -153*h + 146*h = -10010. List the prime factors of h.
2, 5, 11, 13
Let u = -33 + 44. Suppose 19 = i + 3*b, 5*b - 34 + u = -i. What are the prime factors of i?
13
Suppose -3*o + 2*y + 4685 = 0, 2*o - 3135 = 29*y - 30*y. What are the prime factors of o?
5, 313
Suppose 0*r - 40 = 4*r. Let k = r - 12. Let f = k + 52. List the prime factors of f.
2, 3, 5
Let l(b) = b**3 + 18*b**2 - b - 19. Let i be l(-18). Let y(x) = -44*x**3 + x**2 + 3*x + 2. List the prime factors of y(i).
2, 11
Let o(a) = 11*a + 5. Let l(z) = z - 10. Let q be l(14). Let g be o(q). Suppose -2*h - 15 = -g. What are the prime factors of h?
17
List the prime factors of ((0 - 100) + -3)*-1.
103
Let u(t) = 3*t**2 - t**2 - t**2 + 68*t**3 - 7*t**3. List the prime factors of u(1).
2, 31
Suppose -5*t - 57 = 4*m - 210, 0 = 4*t - 20. Let o(j) = j - 22. Let i be o(9). Let k = i + m. List the prime factors of k.
19
Suppose 23*n = 26562 - 6069. What are the prime factors of n?
3, 11
Suppose -3*z + 5*l = -2304, -3*z + 721 = 2*l - 1562. List the prime factors of z.
7, 109
Let i = 36 + -19. Suppose 0 = k - i - 45. Let r = k + -41. What are the prime factors of r?
3, 7
Suppose 16*w - 20*w + 3164 = 0. What are the prime factors of w?
7, 113
Suppose 2*g - 4753 = 6*x - x, -2*g - 2*x = -4746. List the prime factors of g.
2, 1187
Let h(n) = -n**3 + 4 - n + 6*n - 3*n - 2*n**2. Suppose 5*c - 35 = 5*g, 9 = 2*c + 1. List the prime factors of h(g).
7
Suppose -11*b + 3960 = b. Suppose 3*w + 4*g = b, 2*w + 5*g + 40 - 253 = 0. List the prime factors of w.
2, 3, 19
Suppose 890 = 233*b - 231*b. What are the prime factors of b?
5, 89
Suppose 0 = -46*d + 3*d + 34271. List the prime factors of d.
797
List the prime factors of (-25)/((3/9)/(62/(-6))).
5, 31
Let a(h) = -13*h**2 - 68 - 2*h**3 + 29*h + 126